2312301323
What is 2101012 (base 3) in base 5?
23413
-2453 (base 16) to base 6
-111015
Convert 442437 (base 8) to base 15.
2e12c
What is -21450314 (base 7) in base 16?
-1c239e
Convert 2033416 (base 7) to base 15.
4c344
What is -102222012211 (base 3) in base 15?
-49c34
6315565 (base 8) to base 2
110011001101101110101
Convert 532182 (base 13) to base 8.
7332301
Convert 6504 (base 16) to base 12.
12b70
What is 3231211033 (base 4) in base 11?
605149
Convert cec9 (base 16) to base 8.
147311
What is 101100111101010010 (base 2) in base 12?
8a696
12cca8 (base 13) to base 4
1233203301
21002110012 (base 3) to base 13
4b6b0
Convert 11001110000111111010 (base 2) to base 8.
3160772
Convert -1011110100001011000101 (base 2) to base 16.
-2f42c5
Convert -a37a8 (base 13) to base 8.
-1075222
What is -1dca7d (base 14) in base 15?
-162a71
Convert -c4ba5 (base 16) to base 12.
-32a399
What is 23042224 (base 6) in base 13?
1b91a8
60085 (base 16) to base 8
1400205
What is -3386428 (base 9) in base 10?
-1828682
What is -e2c30 (base 16) in base 8?
-3426060
8549bd (base 15) to base 14
bb1c68
Convert 5420112 (base 6) to base 4.
1001030030
454791 (base 15) to base 7
40046002
-2058260 (base 12) to base 11
-348a421
What is 9b7cc3 (base 13) in base 15?
4c8619
What is -456220 (base 10) in base 15?
-9029a
Convert 1011111001110001000 (base 2) to base 8.
1371610
-10233302033 (base 4) to base 9
-2305768
What is -554160 (base 8) in base 16?
-2d870
5d2ad1 (base 16) to base 7
102620123
-1676237 (base 9) to base 4
-3210210220
-2101323310 (base 4) to base 9
-1110854
What is -19a29 (base 14) in base 5?
-4040414
784b (base 16) to base 9
46216
What is -60c47 (base 15) in base 10?
-306517
What is -112714636 (base 8) in base 10?
-19634590
201225564 (base 7) to base 3
210222210110210
-101103133 (base 4) to base 15
-16004
What is -252413432 (base 6) in base 2?
-10010101000101110111100
Convert 12982750 (base 10) to base 3.
220102120222121
Convert 2727f (base 16) to base 7.
1235406
-53505 (base 8) to base 12
-10b19
Convert -135261 (base 11) to base 8.
-635742
Convert 110010110111110010 (base 2) to base 15.
41b15
-11211020221 (base 3) to base 9
-154227
Convert -a0aba6 (base 15) to base 6.
-431312403
What is 86148 (base 10) in base 16?
15084
Convert 1011101101101110010001 (base 2) to base 5.
1241231430
-126236 (base 8) to base 14
-12166
What is 210210101030 (base 4) in base 6?
541242232
-118581 (base 12) to base 8
-1053061
Convert -2261312 (base 7) to base 10.
-283817
Convert 2820012 (base 10) to base 11.
1656798
What is -11064365 (base 7) in base 10?
-957164
What is -3315200 (base 8) in base 13?
-252a36
What is -142037 (base 8) in base 14?
-14423
Convert -1211012212222 (base 3) to base 2.
-11101100100000110111
-167720 (base 8) to base 4
-32333100
What is 101010220121022 (base 3) in base 6?
311320055
What is 10040115 (base 6) in base 4?
1011213233
Convert 2531 (base 6) to base 2.
1001110111
14341355 (base 6) to base 16
78f47
Convert -286715 (base 12) to base 9.
-1237758
What is -1112112000011 (base 3) in base 4?
-3013200331
Convert -181483 (base 15) to base 7.
-12635334
Convert 72369 (base 11) to base 5.
11334322
What is -101525232 (base 6) in base 16?
-1afdd4
-6694a (base 13) to base 4
-231130103
What is -7a111 (base 11) in base 8?
-342332
46721c (base 13) to base 9
3127838
What is 1122110002220 (base 3) in base 14?
18ab94
What is -310536 (base 8) in base 5?
-11242000
12c385 (base 13) to base 9
763614
Convert 10e54b (base 15) to base 5.
201322241
-110100010111011010 (base 2) to base 4
-310113122
-110054154 (base 6) to base 4
-13200031312
What is -13347755 (base 10) in base 15?
-1289d55
Convert 145905 (base 11) to base 4.
313200210
Convert af6ee (base 16) to base 7.
6051653
Convert 68065 (base 9) to base 11.
31003
40a898 (base 12) to base 6
33421512
3063176 (base 11) to base 12
1988a86
Convert -4003002 (base 5) to base 13.
-22809
-12255401 (base 7) to base 13
-2c9777
What is -13242034330 (base 5) in base 4?
-333321331101
What is -441135 (base 6) in base 13?
-13847
Convert 214874 (base 9) to base 15.
2802a
10101201001212 (base 3) to base 7
21225356
What is -43139 (base 14) in base 12?
-799bb
Convert 576029 (base 10) to base 8.
2145035
What is -1134307 (base 10) in base 13?
-3093b5
Convert -24351205 (base 7) to base 16.
-2145ca
-7522b5 (base 12) to base 11
-105351a
What is -73449a (base 11) in base 16?
-11f66d
-2635827 (base 10) to base 11
-1540377
What is 200012202122 (base 3) in base 5?
42432441
What is -310230333 (base 4) in base 10?
-215871
Convert 2e25c0 (base 15) to base 10.
2235555
What is 224b94 (base 14) in base 4?
10130212232
What is 23203110013 (base 4) in base 5?
1233400411
Convert -3003203110 (base 4) to base 5.
-201112410
What is -2a27a (base 13) in base 10?
-79531
Convert -22201021220221 (base 3) to base 16.
-46aaf1
-15715740 (base 8) to base 15
-4bec3e
What is -12111221100 (base 3) in base 11?
-74636
What is 383064 (base 11) in base 15?
be0e9
What is -12003313320 (base 4) in base 15?
-215b03
1d44b3 (base 15) to base 4
11131220010
What is 2243432333 (base 5) in base 9?
10464172
Convert -10011010000001000000 (base 2) to base 9.
-1161322
Convert 748ae (base 15) to base 10.
369839
-66490 (base 10) to base 13
-24358
-55c9b (base 15) to base 4
-1002213032
What is 152054542 (base 6) in base 5?
1303231113
Convert 11110011001101001100111 (base 2) to base 13.
1860516
-203421530 (base 6) to base 7
-42014124
Convert 101000100001110101011 (base 2) to base 10.
1328043
What is 98e4a (base 15) in base 14?
c90b3
What is -149622 (base 10) in base 6?
-3112410
10141234 (base 5) to base 12
406b4
What is 12c96b0 (base 14) in base 13?
1b64602
Convert -101111100111101000110011 (base 2) to base 4.
-233213220303
-798654 (base 10) to base 2
-11000010111110111110
What is -40549 (base 12) in base 14?
-22721
What is -9800 (base 15) in base 4?
-13312233
Convert 66399 (base 10) to base 9.
111066
Convert -321211030 (base 4) to base 9.
-388467
Convert -124927 (base 11) to base 14.
-519d5
Convert -20101012110 (base 3) to base 6.
-2405103
9a5cb3 (base 16) to base 9
21027825
What is 1212020233 (base 4) in base 6?
12544451
What is -21330212 (base 4) in base 6?
-512342
What is -aa326 (base 15) in base 8?
-2040047
31251106 (base 8) to base 9
13440567
Convert -3414421 (base 5) to base 10.
-60611
Convert -577325 (base 13) to base 5.
-1012303214
What is -2220121000 (base 3) in base 9?
-86530
What is 171546 (base 11) in base 15?
53a19
What is -aea51 (base 16) in base 4?
-2232221101
What is -29b062 (base 16) in base 9?
-5123700
Convert -376898 (base 10) to base 8.
-1340102
What is -1301030112 (base 4) in base 2?
-1110001001100010110
10201011010 (base 3) to base 11
4a944
What is 787858 (base 9) in base 15?
94b25
Convert 31510225 (base 7) to base 14.
4d8b15
What is -1211644 (base 7) in base 2?
-100101101011011101
Convert -110000011001110 (base 2) to base 6.
-310422
What is -310647 (base 8) in base 13?
-37a56
-1101000001100100 (base 2) to base 13
-1b389
What is -79d1b (base 14) in base 6?
-10203113
-12453645 (base 7) to base 2
-100010110001011100110
What is -1033162 (base 13) in base 14?
-920a8c
-10bdb (base 15) to base 9
-81108
3555136 (base 9) to base 14
381d2c
Convert 1101111101000101111101 (base 2) to base 6.
210223405
28530 (base 15) to base 3
20120112100
Convert -aa1894 (base 11) to base 2.
-110101101100001011010
What is 1001011001101011001 (base 2) in base 14?
803a1
-1bda3 (base 16) to base 10
-114083
-13122021110 (base 4) to base 14
-387a96
Convert 314333333 (base 5) to base 16.
1434ba
1121323220 (base 4) to base 3
200201021222
What is 21113230 (base 5) in base 9?
287457
Convert 1b7d0 (base 16) to base 11.
77657
What is 5c355 (base 14) in base 9?
373505
Convert 10234003 (base 5) to base 4.
111023201
Convert 211011010120 (base 3) to base 15.
892e3
What is 535852 (base 11) in base 15?
11dd3d
What is -1a5a28 (base 11) in base 15?
-6368b
What is -71a58 (base 14) in base 12?
-11247a
Convert 3241402 (base 6) to base 8.
472452
Convert -163368 (base 9) to base 10.
-100907
What is 703c8 (base 13) in base 2?
110000111110010110
Convert 219b35 (base 12) to base 14.
dd277
-6bab8a (base 12) to base 2
-110101000110100011010
1b5832 (base 12) to base 8
1666546
What is -81a97 (base 12) in base 5?
-20403141
469b75 (base 12) to base 5
2